 Give n(p).
18
Suppose -13*u = 10 - 23. Let q be (-1 - (-3)/9)*-3. Let r(h) = 4*h + h - q + 1. What is r(u)?
4
Let h(q) = 3*q**2 + 6*q + 12. Let o be h(-6). Let f = -75 + o. Let x(s) = -3 + 3*s + f - 8. Calculate x(6).
16
Suppose -3*w + 6 = -3. Let z(g) = 0 + w*g - g + 2. Suppose -5*c - 56 = -19*c. Give z(c).
10
Let h(j) = 1758*j - 1761*j - 6 - 22*j**3 + 12*j**2 + 24*j**3. Give h(-6).
12
Let z(c) = -c**3 + 8*c**2 + 10*c - 13. Suppose -8*q = -5*q + 24. Let s(j) = 5*j + 31. Let k be s(q). Let f be k*-3*(-2 - 21/(-9)). Give z(f).
-4
Let x(q) be the second derivative of 11*q**3/6 - 60*q**2 - 9710*q. Determine x(13).
23
Let l(r) = r**2 - 7*r + 1. Let s be 21/(-63) + (-106)/(-3). Let j be (-2)/(-10)*(s/1 + 0). Calculate l(j).
1
Let m = 3 + 4. Suppose -2*g + m = -5. Let w(x) = -6 - 12 + x + 29 - 11 - 5. Calculate w(g).
1
Let y(w) = -w**3 - 12*w**2 + 3*w + 4. Suppose 237*g - 90*g + 1672 + 92 = 0. What is y(g)?
-32
Let o = -56 - -59. Suppose -6*h = 10*h - o*h. Let q(r) = 5*r**2 - 5*r - 18. Let p(g) = 4*g**2 - 4*g - 16. Let x(b) = -6*p(b) + 5*q(b). What is x(h)?
6
Let t be ((-20)/(-25))/((-4)/(-40)). Suppose 0 = -t*u + 22*u + 28. Let b(i) = -6*i**2 - 4*i - 3. What is b(u)?
-19
Let v(j) = 38 - 23 - j**3 - 7*j**2 - 22. Let x = 120 - 127. Determine v(x).
-7
Suppose 0 = 4*l + 3*p + 45, 4*p - 6 - 46 = 4*l. Let z(f) = -5*f - 15. Let r(j) = j + 2. Let g(s) = 3*r(s) + z(s). Calculate g(l).
15
Suppose 0 = -4*r + 61 + 107. Let j(l) = 16*l - 7. Let k be j(3). Let u be r/(-273) + k/13. Let o(g) = 2*g**2 - g - 1. Determine o(u).
14
Let h(x) = 5*x**3 - 4*x**2 - 13*x - 42. Let u(f) = -f**3 - f**2 + 7. Let b(j) = h(j) + 4*u(j). Give b(9).
-50
Let n = -4 + 6. Suppose n*v - b - 4 = 4, 5*b - 8 = -2*v. Let x(s) = -6*s**2 + s**3 + s + 2*s - 442244 + 442243. Give x(v).
-21
Let q(v) be the third derivative of v**4/24 + 5*v**3/6 - 5*v**2. Let o = -75 - -67. Let m be 6/((-18)/o + -3). Calculate q(m).
-3
Let g(v) = v**3. Let p(t) = -3*t**3 - 6*t**2 - 3*t + 7. Let i(z) = 7*z**2 + 63*z + 2. Let l be i(-9). Let y(n) = l*g(n) + p(n). Calculate y(-5).
-3
Let y be (-2 - (-5)/5) + 6/6. Suppose y = -103*k + 77*k + 234. Let j(g) = g**2 - 11*g + 19. Calculate j(k).
1
Let w(v) be the first derivative of v**5/20 - v**4/6 - 2*v**3/3 + 3*v**2/2 + 27*v - 31. Let y(j) be the first derivative of w(j). Calculate y(3).
0
Let x(k) = -k**3 + 9*k**2 - 5*k - 20. Let u be x(8). Let z(a) = -13*a - 2 + 2*a + u*a + 3*a. Give z(-3).
10
Let n(r) = 43*r - 38. Let c(j) = 930*j - 835. Let z(a) = 3*c(a) - 65*n(a). Determine z(-9).
10
Let v(x) = x**3 - x + 3. Let n(c) = 4*c**3 - 5*c - 1. Let p(f) = n(f) - 5*v(f). Determine p(0).
-16
Let g = 200 + -198. Suppose 5*h + 52 = -4*y + 14, -2*y = -g*h - 8. Let u(f) = -f**2 - 3*f - 5. Determine u(h).
-23
Let i(p) be the first derivative of 7*p**2/2 + 12*p - 1233. Calculate i(-5).
-23
Let z(g) = 4*g**3 - 50*g**2 + 23*g + 1. Let y be (-10)/3*(-8 - (-10)/(-75)*-33). What is z(y)?
-11
Let r(q) = -3*q. Let o be r(-2). Let m(d) be the first derivative of d**2/2 - 2*d + 785. Calculate m(o).
4
Let h = 5 - 8. Let x(f) be the second derivative of -5*f**4/12 + 2*f**3/3 + f**2/2 - 2*f - 10449. Give x(h).
-56
Let v be (-78)/91*(-1 - 6). Let p be ((-21)/v - -1)/((-1)/44). Let l(o) = o**3 - 108*o + p*o - 2*o**3 + 5*o**2 + 2*o**3. Give l(-3).
12
Let z(o) = -1. Let v(p) = -p + 7. Let u(b) = v(b) + 3*z(b). Let w be 14*(-4)/(-14) + 3. Determine u(w).
-3
Let i(m) = -m - 2. Let g(o) = o + 1. Let k(h) = h**3 - 8*h**2 + 12*h + 2. Let c(u) = g(u) + k(u). Let r be c(3). Give i(r).
1
Let q = -1 + -1. Let v be 4/1 - ((4 - 4) + 6). Let s be q*v/8*4/(-1). Let a(l) = -8*l - 1. Calculate a(s).
15
Let c = 4 - 7. Let a(x) be the first derivative of x**4/12 + x**3/2 + x**2 + 66*x - 98. Let r(f) be the first derivative of a(f). Determine r(c).
2
Let s(v) = 5*v**3 + v**2 - 11*v - 16. Let u(g) = -5*g**3 - g**2 + 9*g + 9. Let p(i) = 2*s(i) + 3*u(i). Determine p(2).
-39
Let g(z) = z**2 + 5*z - 6. Suppose -5*q = -l - 16, 2*l - 8 = -4*q - 2*l. Let c = 13002 - 12998. Suppose -4*p = -9*p + 4*k - 42, c*k - 30 = q*p. What is g(p)?
0
Let p(j) = -7*j - 77. Let i = 221 - 231. Let k be p(i). Let t(c) = -c**2 - 5*c - 3. What is t(k)?
-17
Suppose 5*z - 16 = 4*p - 5*p, -z + 26 = 4*p. Let r(b) be the second derivative of b**5/20 - b**4/3 - b**3 - 5*b**2/2 - 10*b + 1. Determine r(p).
31
Let g(h) be the third derivative of -h**4/6 - 4*h**3 + 1135*h**2. Give g(-4).
-8
Let a = -83 - -140. Suppose 3*i = a - 9. Let z(q) = i*q - 2 - 35*q + 24*q. Give z(4).
18
Let y = -213 - -215. Let f(x) = -685 - 9*x + 682 + y*x. Give f(-3).
18
Let w(j) = -600*j - 6598. Let z be w(-11). Let r(i) be the first derivative of -3/2*i**z - 16 + 2*i. Calculate r(-2).
8
Let m(y) = -1091*y + 2170*y - 7 - 1078*y. Give m(-17).
-24
Suppose -4*h = v + 8, h - 19 = 5*v - 0*h. Let x(p) = p**3 + 3*p**2 - 3*p + 1. Suppose f + 9 = 10. Let l(b) = -1. Let g(c) = f*x(c) + 2*l(c). Determine g(v).
-5
Let x be -4 + 1/(1/(-2)). Suppose -13 + 46 = 3*f. Let y(l) = -7*l + 4. Let n(c) = -13*c + 7. Let s(v) = f*y(v) + x*n(v). Calculate s(2).
4
Let c = 64 + -59. Suppose -c*m + 5*u + 11 = 61, -25 = 4*m + u. Let w(q) = 2*q - 1. Let i(h) = -7*h + 11. Let s(g) = i(g) + 4*w(g). What is s(m)?
0
Let z(u) be the third derivative of 1/4*u**4 - 9*u**2 + 0 + 0*u + 1/60*u**5 - 3/2*u**3. Suppose -6*d - 20 = -4*d - 3*j, -4*j = -d - 15. Give z(d).
-2
Let g = -395 - -267. Let f = g - -137. Let m(d) = -d**2 + 11*d - 6. Determine m(f).
12
Let z(j) = -j**3 - 6*j**2 - j - 4. Let u be z(-6). Let v(h) = 5*h + h**u - 3*h - 4*h + h - 5. Determine v(4).
7
Let j(l) = l**2 - 10*l + 16. Let x be j(12). Let o = 3 + x. Suppose o*h = 40*h - 3. Let k(f) = 2*f. Determine k(h).
-2
Let t(z) = -z**3 - z - 2. Let b = -611 + 256. Let s = -355 - b. Give t(s).
-2
Let x = -10021 - -10014. Let h(v) = v**3 + 9*v**2 + 17*v - 3. Give h(x).
-24
Let k(s) = 27*s - 18. Let a(x) = -41*x + 18. Let r(f) = -4*a(f) - 6*k(f). Determine r(-20).
-4
Let y(p) be the third derivative of 0*p - 1/120*p**6 + 1/6*p**3 + 1/24*p**4 + 4 + 1/20*p**5 - 11*p**2. Calculate y(3).
4
Let w be (36/15)/(54/10 - 5). Let n(a) = 0*a + w - 1 - 6 + 0 + a**2 + 7*a. Give n(-8).
7
Suppose 0 = 59*w - 55*w - 8. Suppose -w*q = 2*q + 28. Let j(m) = -m + 1. Determine j(q).
8
Let m(w) = -4*w**2 + 4*w + 7. Let g(f) = 7*f**2 - 7*f - 13. Suppose -22*r = -20*r + 6. Let t(k) = r*g(k) - 5*m(k). Let s be 4 - 8/(-4) - 3. Give t(s).
-2
Let r(a) = 28*a - 111. Let t be r(5). Suppose 27*w = t*w + 14. Let z(c) = 5*c - 5. What is z(w)?
-40
Let u(x) be the third derivative of 11*x**6/60 - x**5/60 + 203*x**2. Determine u(-1).
-23
Let b(i) = 90 - 2590*i + 1299*i + 1296*i. Calculate b(-15).
15
Let n(m) = 7*m + 14. Let i(c) = 389*c + 1550. Let w be i(-4). Determine n(w).
-28
Suppose n + 3*u - 114 = -3*n, 0 = n - 3*u - 21. Let q = 33 - n. Let c(i) = -11*i - i**2 + 1 + 21*i - q. Calculate c(10).
-5
Suppose -10*z + 194 = 2*x - 11*z, 5*z - 194 = -2*x. Let h = x - 97. Let a(f) = -f**2 - 17. What is a(h)?
-17
Let w(p) = 4*p + 24. Let k(v) = -4*v - 3. Let u(z) = 4*k(z) + 3*w(z). Determine u(9).
24
Let g be 5/2 + 2/4. Let q(c) = -14 + 143*c**3 - c**2 - 293*c**3 + 2*c**2 + 151*c**g - c. Determine q(0).
-14
Let d(y) = -2 + 4634659*y + 4634638*y - 9269270*y. Suppose -s + w - 5 = 4*w, -2*w = -3*s + 7. What is d(s)?
25
Suppose -5*w + 4*s = 161, -22*w + 4*s - 128 = -18*w. Let i(h) = -h - 8. Determine i(w).
25
Let u(v) = 4*v + 3. Let l(x) = -2*x**2 - 54*x + 26. Let y(i) = -l(i) - 5*u(i). Determine y(-18).
-5
Let v(p) = -3*p**2 + 12*p - 33. Suppose 0 = -s + d + 10, 2*d + 18 - 8 = 0. What is v(s)?
-48
Suppose -7*o + h = -52, o + h - 179 = -167. Let s(a) = -8*a + 16. What is s(o)?
-48
Let c = -262 + 267. Let x(h) = 8*h**3 - 3*h**2 + 5*h + 5. Let m(b) = -4*b**3 + 2*b**2 - 3*b - 3. Let t(q) = c*m(q) + 3*x(q). What is t(2)?
36
Let z(h) = 16*h - 2. Let c be (-100)/(-40) + (-3 - 5/((-20)/6)). What is z(c)?
14
Let a(p) = -2*p**3 + 21*p**2 + 10*p + 7. Let i be a(11). Suppose 0*y = 4*y - 32. Let c(m) = y - m + 5*m + 5*m - 8*m. Calculate c(i).
4
Let o be 4/12*(-1 + -2). Let h(u) = u**2 + 24317*u**3 + 1 - 24316*u**3 - 2. Calculate h(o).
-1
Let g(n) be the first derivative of n**3 + 19/2*n**2 - 1/3*n**4 + 1/60*n**5 + 1 + 0*n. Let m(c) be the second derivative of g(c). What is m(6)?
-6
Let z be -3 + (5 - (5 